7
Calculate the highest common factor of 574135 and 20.
5
What is the greatest common divisor of 288 and 27414?
18
Calculate the greatest common divisor of 962 and 116.
2
Calculate the greatest common factor of 162580 and 1980.
220
What is the greatest common factor of 422487 and 1053?
117
What is the highest common divisor of 11385 and 1980?
495
Calculate the greatest common factor of 610 and 5230.
10
What is the highest common divisor of 62 and 582242?
62
What is the greatest common factor of 41382 and 14003?
209
Calculate the highest common divisor of 13787 and 16711.
17
Calculate the greatest common factor of 44704 and 34144.
352
Calculate the greatest common divisor of 63 and 11613.
21
What is the greatest common factor of 201621 and 21?
21
Calculate the highest common factor of 116 and 2497364.
116
What is the greatest common factor of 24845 and 5?
5
Calculate the greatest common factor of 32764 and 4.
4
What is the greatest common factor of 264 and 182568?
24
Calculate the greatest common factor of 7843 and 26257.
341
Calculate the highest common factor of 122962 and 28.
14
Calculate the highest common divisor of 40356 and 1593.
531
Calculate the highest common factor of 6801 and 27.
3
Calculate the highest common divisor of 68 and 19244.
68
Calculate the highest common divisor of 16 and 43808.
16
What is the highest common divisor of 26432 and 266?
14
What is the greatest common factor of 17273 and 207?
23
What is the highest common divisor of 818 and 2005327?
409
Calculate the highest common divisor of 17 and 1079279.
17
What is the greatest common factor of 2607 and 711?
237
What is the greatest common factor of 398 and 1504241?
199
Calculate the highest common factor of 83944 and 112.
56
What is the greatest common factor of 18860 and 12328?
92
Calculate the highest common factor of 257418 and 7371.
567
Calculate the greatest common factor of 24 and 32448.
24
Calculate the greatest common factor of 168957 and 99.
9
Calculate the highest common factor of 680 and 24038.
34
Calculate the highest common factor of 1600 and 11400.
200
What is the greatest common factor of 3196 and 20116?
188
Calculate the greatest common factor of 49426 and 1066.
26
Calculate the highest common factor of 50197 and 13433.
707
What is the highest common factor of 400 and 22450?
50
What is the highest common factor of 7190072 and 1432?
1432
What is the highest common divisor of 726 and 217437?
363
Calculate the highest common factor of 2703 and 192708.
159
Calculate the highest common divisor of 9482 and 2222.
22
What is the highest common factor of 6996 and 20064?
132
Calculate the greatest common factor of 3472 and 25788.
28
What is the greatest common divisor of 1815 and 133320?
165
Calculate the greatest common factor of 143 and 48009.
13
What is the highest common factor of 434 and 56?
14
What is the greatest common divisor of 1290 and 142330?
430
What is the highest common divisor of 4392 and 6228?
36
What is the greatest common factor of 4902075 and 225?
225
What is the greatest common divisor of 1440 and 219940?
20
What is the greatest common divisor of 12 and 495126?
6
Calculate the highest common divisor of 42 and 7351449.
21
What is the greatest common divisor of 22962 and 228?
6
Calculate the highest common divisor of 484372 and 252.
28
What is the highest common factor of 8362 and 5198?
226
What is the highest common divisor of 2585 and 19505?
235
Calculate the greatest common divisor of 16 and 877.
1
What is the highest common factor of 176077 and 33?
11
Calculate the highest common factor of 11875 and 4085.
95
What is the highest common divisor of 378 and 693?
63
What is the greatest common factor of 40 and 9685?
5
What is the greatest common factor of 9 and 5938857?
9
What is the highest common divisor of 13 and 803491?
13
Calculate the highest common factor of 153058 and 1030.
206
What is the greatest common factor of 48504 and 43992?
1128
Calculate the greatest common divisor of 80130 and 30.
30
Calculate the highest common divisor of 81 and 19332.
27
What is the highest common divisor of 104 and 219132?
4
What is the highest common divisor of 53 and 493483?
53
What is the highest common factor of 4177 and 1?
1
Calculate the greatest common factor of 26 and 307125.
13
Calculate the greatest common divisor of 20 and 7945460.
20
Calculate the highest common divisor of 40158 and 6402.
582
What is the greatest common factor of 243 and 389736?
9
What is the highest common divisor of 164232 and 18?
18
What is the greatest common factor of 369 and 40631?
41
What is the greatest common divisor of 4288 and 72?
8
Calculate the highest common factor of 1120 and 59840.
160
Calculate the greatest common factor of 7122269 and 1309.
1309
Calculate the highest common factor of 20691 and 57.
57
Calculate the highest common divisor of 45 and 9049545.
45
Calculate the highest common factor of 39 and 338546.
13
What is the highest common divisor of 42360 and 3360?
120
Calculate the greatest common divisor of 21 and 1333941.
21
What is the highest common divisor of 144375 and 87780?
1155
Calculate the highest common divisor of 10404 and 117.
9
Calculate the greatest common divisor of 3570842 and 1012.
506
What is the highest common divisor of 60352 and 93152?
1312
Calculate the highest common divisor of 8920 and 2720.
40
What is the greatest common factor of 260 and 10775180?
260
What is the greatest common divisor of 7897088 and 482?
482
Calculate the greatest common factor of 22089 and 1332.
111
What is the highest common divisor of 1600 and 245800?
200
What is the greatest common factor of 3979 and 2323?
23
What is the highest common factor of 13376 and 96?
32
What is the highest common divisor of 281204 and 498?
166
What is the greatest common factor of 3225 and 12685?
215
What is the greatest common divisor of 682 and 55?
11
Calculate the highest common factor of 22100 and 32555.
85
Calculate the greatest common divisor of 7232 and 1695.
113
Calculate the greatest common factor of 336 and 5384820.
84
What is the greatest common factor of 1628 and 105968?
148
Calculate the highest common factor of 68 and 5964518.
34
Calculate the highest common divisor of 505134 and 56.
14
Calculate the greatest common factor of 10080 and 90.
90
What is the highest common factor of 6963771 and 237?
237
Calculate the highest common divisor of 93166 and 296.
74
What is the greatest common divisor of 34770 and 7137?
183
What is the greatest common divisor of 8638 and 1302?
14
Calculate the highest common factor of 19678648 and 11.
11
Calculate the greatest common divisor of 1878 and 99.
3
What is the highest common divisor of 64 and 327616?
64
What is the highest common divisor of 105084 and 4536?
756
Calculate the greatest common factor of 48 and 2187824.
16
What is the highest common factor of 2470 and 685?
5
Calculate the greatest common divisor of 1711 and 6757.
29
What is the greatest common divisor of 510 and 6426?
102
Calculate the highest common factor of 42 and 2776578.
42
Calculate the highest common factor of 18520 and 2500.
20
Calculate the greatest common factor of 633 and 198129.
633
Calculate the greatest common factor of 435 and 150825.
15
Calculate the greatest common divisor of 11504 and 19413.
719
Calculate the greatest common factor of 7 and 2164099.
7
Calculate the highest common divisor of 122 and 1491694.
122
What is the highest common factor of 128160 and 70560?
1440
What is the greatest common factor of 18 and 87042?
6
Calculate the greatest common factor of 20304 and 270.
54
Calculate the greatest common divisor of 143200 and 1.
1
What is the greatest common divisor of 641966 and 26?
26
Calculate the greatest common divisor of 3081591 and 1026.
513
What is the greatest common factor of 1696 and 6304?
32
Calculate the highest common factor of 2736 and 214016.
304
Calculate the greatest common factor of 62046 and 42606.
162
What is the highest common factor of 1062 and 628940?
118
What is the greatest common divisor of 16768 and 6016?
128
Calculate the greatest common factor of 243 and 1887.
3
Calculate the highest common factor of 2370744 and 684.
684
Calculate the greatest common divisor of 61484 and 646.
38
Calculate the greatest common divisor 